t l(p) = 3*p - 31. Let i be l(11). Let n be (-2)/(-2)*(49 + 2). Let m = n - 29. What is the highest common factor of i and m?
2
Let l be (104 - -5)/(2 + -1). Suppose 7*i = 290 + l. Calculate the highest common divisor of i and 38.
19
Let n = 61 - 54. Let u be (n/21*-3)/(2/(-6)). Let d(i) = -i + 9. Let p be d(7). What is the highest common factor of u and p?
1
Let s(v) = -3*v**2 + 10*v + 6. Let i be s(5). Let g be (-10)/(-1)*(-2)/5 - i. What is the greatest common factor of g and 165?
15
Let n = -9 - -15. Let l(h) = h**3 + 4*h**2 - 4*h + 3. Let v be l(3). What is the highest common divisor of n and v?
6
Let o be (-1 - 2)*(-16)/(-6). Let b(i) = i**2 - 6*i + 7. Let h be b(3). Let t be ((1 - h) + -5)*o. What is the highest common divisor of t and 4?
4
Let y be 0 - (4 - (-4 + 4)). Let h be (-100)/(-55) - y/22. Suppose -3*x = 4*k - 80, -h*k = -6*k + 20. Calculate the highest common divisor of x and 140.
20
Let a be ((-26)/(-5))/(10/100). What is the highest common factor of 156 and a?
52
Let c = -24 + 27. Suppose 4 = -5*r + d - c*d, 3*d = -2*r - 6. Suppose 6*q - 213 - 51 = r. What is the highest common divisor of q and 11?
11
Suppose -18*n + 40 = -14. Calculate the highest common factor of 3 and n.
3
Suppose 75 = -4*t - 25. Let v be (-235)/(-25) + (-5)/(t/(-2)). What is the greatest common factor of v and 81?
9
Suppose 0 = -4*j - 5*q + 127, -2*q - 130 = -4*j - 4*q. Let u = j + -7. Let p = u - 15. What is the highest common factor of p and 1?
1
Let m(q) = 21*q + 20. Let k be m(6). Suppose -2*p + 382 + k = 0. What is the highest common divisor of 24 and p?
24
Suppose 0 = -5*y - 25, 5*a - 3*y + 27 - 117 = 0. Suppose 0 = -5*h + 35 + 40. What is the greatest common factor of h and a?
15
Let t = 0 - 1. Let c(h) = -100*h**3 - h**2 + h + 1. Let x be c(t). Suppose -2*m = 2*m - 36. Calculate the highest common divisor of x and m.
9
Let w be 2/(-8) + (-694)/8. Suppose -3*g + 632 = -4*y - 2*g, -4*y - 628 = -2*g. Let j = w - y. What is the highest common factor of 12 and j?
12
Let a(d) = d**2 - 7*d + 3. Let t be a(8). Let k = 276 + -221. Calculate the highest common divisor of k and t.
11
Let y(j) = -3*j**2 + 2*j**3 - 3*j**3 + 5 - 1. Let f be y(-3). Suppose 1 = -3*h + f*h. Calculate the greatest common factor of h and 10.
1
Let y be (-6)/18*(-36 + (-3)/(-1)). Suppose 0 = y*v - 9*v - 50. Calculate the highest common divisor of v and 25.
25
Let i(n) be the third derivative of n**6/60 - 17*n**5/60 + 11*n**4/24 + n**3/6 + 13*n**2. Let a be i(8). Calculate the greatest common factor of 25 and a.
25
Let s(m) = m**3 - 8*m**2 - 4*m + 75. Let f be s(9). What is the greatest common factor of f and 1920?
120
Let k be 3154/10 + 172/20 + -9. Calculate the greatest common divisor of k and 525.
105
Let o = -269 - -335. Let x be -4*((1 - 1) + -1). Suppose -64 = -5*h - 2*t, x*h + 3*t = -h + o. Calculate the highest common divisor of h and 12.
12
Let o = -807 + 863. What is the highest common divisor of o and 266?
14
Let z(y) = -41*y + 172. Let f be z(4). What is the highest common divisor of f and 20?
4
Suppose -z + 2*j - 37 = -2*z, 0 = -5*z - 2*j + 185. Suppose 6*m - 29 = z. Let n = -19 - -30. What is the greatest common factor of n and m?
11
Let l(u) = 16*u - 11. Let v be l(-5). Let n = -76 - v. Calculate the greatest common factor of n and 120.
15
Suppose 5*x + 5 = 0, -k + 2*x + 0 = -34. Suppose 0*h + 2*w = -5*h + 80, -3*w = 5*h - 80. What is the highest common factor of k and h?
16
Suppose 4*a - n - 532 = 0, 2*a + 3*n - 315 = -35. Suppose -4*g = -0*g + 2*o - a, 0 = -g - 4*o + 16. Calculate the greatest common factor of g and 27.
9
Let d(z) = 23*z - 12. Let w = 24 - -5. Let t = -23 + w. Let n be d(t). What is the greatest common divisor of n and 14?
14
Let v be 39/26*2*33. Calculate the highest common factor of 176 and v.
11
Suppose u - 4*u + 9 = 0. Suppose 0*f - 3*a + 6 = -2*f, 4*a - 16 = 0. Suppose f*n = 7*n - 132. Calculate the greatest common divisor of n and u.
3
Suppose -203 = -4*w + 369. Let o = 60 - w. Let s be (-5 - -3 - o)*2. Calculate the greatest common factor of 18 and s.
18
Let d be (-11)/(-1) - (-26 + 24). Calculate the greatest common divisor of 520 and d.
13
Let h(j) = 5*j**3 - 4*j - 4. Let u be h(-2). Let f be u/5*(-30)/9. What is the greatest common factor of 16 and f?
8
Let b be 308/21*(1 - -2). Suppose -3*q + q + b = 0. Let i(m) = m**3 - 7*m**2 + 3*m + 1. Let v be i(7). What is the greatest common divisor of v and q?
22
Suppose 0*g - 3*g = -27. Let u be -5 + 241 + 0 + (6 - -1). Calculate the greatest common factor of u and g.
9
Suppose 3*w = -w - 20, -2*l + 3*w = -279. Let f(d) = 3*d**2 + 2*d - 5. Let q be f(2). Calculate the highest common divisor of l and q.
11
Let v(a) = -8*a**3 - a**2 - 16*a - 60. Let s be v(-4). What is the highest common factor of s and 40?
20
Suppose -u = 5*i, -3*u + 65 - 5 = -5*i. Let g = 109 - 109. Suppose 6*m - m - u = g. What is the greatest common divisor of m and 6?
3
Suppose 6*c + c - 165 = 2*n, 2*n - 135 = -5*c. Suppose u = -u - r + 247, 4*r + 387 = 3*u. What is the highest common divisor of u and c?
25
Suppose -5*g - 4*w + 20 = 0, 3*g - g + w = 11. Let u(o) = 73*o**2 - 1. Let l be u(-1). What is the greatest common factor of l and g?
8
Suppose 5*m - 5 = 5*h, -8 = -m - 5*h - 37. Let l = m - -2. Let p = l - -11. What is the highest common divisor of p and 99?
9
Suppose -3*a + 567 = q, 5*q = 5*a + q - 945. What is the greatest common factor of a and 54?
27
Let k = -1643 - -1660. Suppose 272 = 5*a - a. Calculate the highest common divisor of a and k.
17
Let g(i) = 25*i**2 + i + 1. Let c be g(-1). Let r = c + 34. Suppose 0 = -m - f + 44, -3*m + 73 = -4*f - r. What is the greatest common divisor of 11 and m?
11
Let n(t) = -t**3 + 7*t**2 + 10*t - 8. Suppose -6*f = -8*f + 16. Let h be n(f). Calculate the highest common factor of h and 8.
8
Suppose 15*i - 32*i + 2040 = 0. What is the greatest common divisor of 280 and i?
40
Let j(f) = -f**3 + 5*f**2 + 2*f + 2. Let t be j(5). Let s = t - 11. What is the greatest common factor of s and 1?
1
Let x(o) be the third derivative of -103*o**4/24 - 5*o**3/6 - 26*o**2. Let n be x(-1). Calculate the highest common factor of 49 and n.
49
Let j = -700 - -727. Calculate the greatest common factor of j and 135.
27
Let l be (9/(-6))/(-3)*16. Let g = -158 - -160. Calculate the highest common factor of l and g.
2
Suppose -3*q = -9*q + 18. Calculate the greatest common factor of 111 and q.
3
Suppose -281 + 577 = 4*x. What is the greatest common factor of 2183 and x?
37
Let h(z) = z**3 - 6*z**2 + z - 7. Let i be h(4). Let y = 68 + i. What is the highest common divisor of 22 and y?
11
Let o(j) = j**2 + 2*j - 6. Let w be o(-5). Let b = -1 + -10. Let c = -2 - b. What is the greatest common factor of w and c?
9
Suppose 5*k - 38 = 12. What is the highest common factor of 10 and k?
10
Suppose m - y + 2*y + 5 = 0, -2*m + 3*y + 5 = 0. Let d be (-1 - 33/2)*m. Let b = 3775 + -3761. Calculate the highest common factor of b and d.
7
Let v(y) = -y**2 - 7*y + 8. Suppose -2*d - 32 = 5*l - 3*d, 4*d + 10 = -3*l. Let r be v(l). What is the highest common factor of 154 and r?
14
Suppose 0 = 97*f - 109*f + 204. Calculate the highest common divisor of f and 272.
17
Let g(a) = a**3 + 6*a**2 + 3*a - 7. Let j be g(-5). Let b = -2 - -2. Suppose -5*s + 58 = 2*d, b*d = d + 4*s - 32. What is the greatest common factor of d and j?
3
Let p = 5 + -4. Let g(n) = 5*n**3 + 1. Let j be g(p). What is the greatest common divisor of j and 24?
6
Suppose -4*l - 35 = -3*b + 59, -2*b = 4*l - 96. What is the highest common factor of b and 1387?
19
Let o be ((-58)/(-4))/(21/252). Suppose 184 = h + o. Calculate the highest common factor of h and 40.
10
Suppose -5*b - 126 = -316. Let t(y) = -y**3 + 8*y**2 + 8*y. Let d be t(8). Let z = d - b. What is the highest common divisor of 208 and z?
26
Suppose -c - 2 = 88. Let l = c - -146. Let t = l + -40. What is the highest common divisor of 80 and t?
16
Suppose q - 85 - 37 = 0. Suppose -c - 4*l = -q, -c - 3*l + 131 = 8. Suppose r = 4*r - c. Calculate the highest common factor of r and 28.
14
Let y be (0 - 0) + 3 - 3. Let g = 4 + y. Suppose g*m = 56 + 164. What is the highest common factor of m and 11?
11
Let b(w) be the second derivative of w**4/12 - w**3/3 - 2*w**2 - 15*w + 2. Let c be b(6). Calcu